347?
False
Is 347 a multiple of 38?
False
Is 4190 a multiple of 45?
False
Is 62737 a multiple of 28?
False
Does 14 divide 924?
True
Is 59 a factor of 2124?
True
Does 40 divide 3978?
False
Does 186 divide 38365?
False
Is 8100 a multiple of 54?
True
Is 92 a factor of 7845?
False
Is 10 a factor of 61?
False
Is 2750 a multiple of 40?
False
Does 46 divide 1169?
False
Is 15 a factor of 12195?
True
Is 13 a factor of 321?
False
Does 70 divide 20620?
False
Is 44 a factor of 83600?
True
Is 55 a factor of 6254?
False
Does 54 divide 1141?
False
Is 22 a factor of 20432?
False
Is 42 a factor of 695?
False
Is 15 a factor of 330?
True
Does 5 divide 11405?
True
Is 13 a factor of 2002?
True
Is 7120 a multiple of 16?
True
Is 1254 a multiple of 18?
False
Is 532 a multiple of 17?
False
Is 50 a multiple of 5?
True
Is 35 a factor of 1835?
False
Is 4199 a multiple of 13?
True
Is 1136 a multiple of 8?
True
Is 38706 a multiple of 6?
True
Is 34033 a multiple of 15?
False
Is 64 a multiple of 4?
True
Is 48 a factor of 60528?
True
Does 15 divide 3263?
False
Is 36 a factor of 1440?
True
Is 32 a factor of 1088?
True
Is 37 a factor of 7696?
True
Does 9 divide 49?
False
Does 8 divide 1096?
True
Is 594 a multiple of 22?
True
Is 8 a factor of 16681?
False
Is 40 a factor of 1880?
True
Is 18 a factor of 2610?
True
Does 14 divide 21686?
True
Does 13 divide 12623?
True
Is 708 a multiple of 18?
False
Does 2 divide 492?
True
Is 46 a factor of 2256?
False
Is 34 a factor of 342?
False
Does 11 divide 188?
False
Does 19 divide 1235?
True
Does 34 divide 482?
False
Is 11440 a multiple of 20?
True
Does 125 divide 8750?
True
Does 61 divide 15002?
False
Is 2 a factor of 627?
False
Does 7 divide 3697?
False
Is 10 a factor of 102?
False
Is 22 a factor of 19888?
True
Is 2005 a multiple of 4?
False
Is 21 a factor of 357?
True
Is 52 a factor of 4888?
True
Is 420 a multiple of 5?
True
Does 3 divide 147?
True
Is 6428 a multiple of 58?
False
Is 392 a multiple of 42?
False
Is 774 a multiple of 43?
True
Does 9 divide 3543?
False
Is 66 a factor of 6336?
True
Does 7 divide 10647?
True
Is 1541 a multiple of 18?
False
Is 25 a factor of 3876?
False
Is 107 a factor of 1284?
True
Is 9292 a multiple of 23?
True
Is 1998 a multiple of 42?
False
Does 12 divide 698?
False
Does 11 divide 1672?
True
Is 14674 a multiple of 41?
False
Does 12 divide 766?
False
Does 40 divide 8566?
False
Does 9 divide 68076?
True
Is 20 a factor of 7673?
False
Is 24 a factor of 40272?
True
Does 7 divide 8748?
False
Is 20 a factor of 560?
True
Does 15 divide 25650?
True
Is 58968 a multiple of 39?
True
Is 5 a factor of 136?
False
Is 25 a factor of 5797?
False
Is 62 a factor of 26350?
True
Does 33 divide 693?
True
Is 125 a multiple of 13?
False
Does 14 divide 13171?
False
Is 1496 a multiple of 17?
True
Is 1419 a multiple of 33?
True
Is 13 a factor of 1072?
False
Is 36 a factor of 614?
False
Is 15 a factor of 1335?
True
Does 17 divide 1885?
False
Is 32 a factor of 1491?
False
Does 14 divide 34789?
False
Is 2204 a multiple of 31?
False
Is 124 a factor of 10824?
False
Is 72 a factor of 267?
False
Is 288 a factor of 55061?
False
Does 43 divide 48429?
False
Is 4524 a multiple of 78?
True
Is 12821 a multiple of 3?
False
Does 11 divide 143?
True
Is 36 a factor of 119082?
False
Is 41 a factor of 2747?
True
Is 563 a multiple of 23?
False
Is 812 a multiple of 58?
True
Is 174 a factor of 15312?
True
Does 15 divide 1256?
False
Is 32340 a multiple of 77?
True
Does 15 divide 165?
True
Is 164 a factor of 46934?
False
Is 2640 a multiple of 70?
False
Is 178 a factor of 10722?
False
Is 2952 a multiple of 124?
False
Does 2 divide 1532?
True
Is 8 a factor of 321?
False
Does 2 divide 1987?
False
Is 6308 a multiple of 76?
True
Is 446 a multiple of 8?
False
Does 29 divide 144?
False
Is 4 a factor of 3980?
True
Does 8 divide 159?
False
Is 18 a factor of 8388?
True
Is 10 a factor of 1420?
True
Is 12 a factor of 9767?
False
Is 71576 a multiple of 8?
True
Does 9 divide 3114?
True
Does 60 divide 3900?
True
Is 34 a factor of 67961?
False
Is 24 a factor of 40296?
True
Does 27 divide 483?
False
Is 98830 a multiple of 25?
False
Is 10894 a multiple of 70?
False
Is 168 a multiple of 4?
True
Does 21 divide 1617?
True
Does 55 divide 49225?
True
Does 18 divide 3127?
False
Does 2 divide 136?
True
Is 21 a factor of 2772?
True
Does 65 divide 742?
False
Is 33300 a multiple of 15?
True
Is 8 a factor of 68562?
False
Is 15 a factor of 720?
True
Is 25110 a multiple of 90?
True
Is 966 a multiple of 42?
True
Is 39620 a multiple of 28?
True
Does 21 divide 439?
False
Does 31 divide 22868?
False
Does 64 divide 69760?
True
Is 79 a factor of 12311?
False
Does 18 divide 1848?
False
Does 13 divide 18?
False
Does 33 divide 36927?
True
Is 26264 a multiple of 196?
True
Is 4638 a multiple of 293?
False
Does 18 divide 23383?
False
Is 2450 a multiple of 7?
True
Is 2 a factor of 2954?
True
Does 10 divide 19890?
True
Does 100 divide 245?
False
Is 4 a factor of 396?
True
Is 17 a factor of 2097?
False
Is 3332 a multiple of 28?
True
Is 171 a multiple of 7?
False
Is 70 a multiple of 29?
False
Does 94 divide 14006?
True
Is 50 a factor of 1909?
False
Is 834 a multiple of 9?
False
Is 1657 a multiple of 149?
False
Does 214 divide 3424?
True
Does 111 divide 8769?
True
Does 56 divide 2301?
False
Does 8 divide 19?
False
Is 17 a factor of 159?
False
Is 33208 a multiple of 129?
False
Does 20 divide 29214?
False
Does 94 divide 37130?
True
Is 262 a multiple of 5?
False
Does 13 divide 56186?
True
Is 343 a multiple of 49?
True
Is 1410 a multiple of 5?
True
Does 13 divide 5595?
False
Is 53539 a multiple of 199?
False
Is 374 a multiple of 32?
False
Is 15088 a multiple of 33?
False
Does 5 divide 995?
True
Is 325 a factor of 4322?
False
Is 220 a factor of 67819?
False
Is 111439 a multiple of 27?
False
Is 704 a multiple of 16?
True
Does 69 divide 1794?
True
Does 14 divide 2646?
True
Is 24 a factor of 1055?
False
Is 109 a factor of 12644?
True
Is 2256 a multiple of 24?
True
Is 23408 a multiple of 65?
False
Is 12 a factor of 276?
True
Is 8 a factor of 1008?
True
Is 11 a factor of 1349?
False
Is 32 a factor of 9932?
False
Is 16120 a multiple of 155?
True
Is 6 a factor of 73?
False
Does 14 divide 35616?
True
Is 8320 a multiple of 130?
True
Is 18040 a multiple of 88?
True
Is 380 a multiple of 19?
True
Is 31 a factor of 148?
False
Is 3 a factor of 1038?
True
Is 219 a factor of 23153?
False
Is 48 a factor of 1776?
True
Does 93 divide 11718?
True
Does 76 divide 30248?
True
Does 132 divide 34534?
False
Is 101760 a multiple of 159?
True
Is 45300 a multiple of 75?
True
Is 30 a factor of 47783?
False
Is 297 a multiple of 11?
True
Is 11 a factor of 662?
False
Is 15207 a multiple of 7?
False
Is 6 a factor of 209?
False
Does 35 divide 8400?
True
Is 11 a factor of 260?
False
Is 144 a multiple of 8?
True
Does 15 divide 3142?
False
Does 20 divide 320?
True
Is 8 a factor of 496?
True
Is 9767 a multiple of 134?
False
Is 12 a factor of 552?
True
Does 8 divide 2072?
True
Is 7 a factor of 3164?
True
Does 13 divide 416?
True
Is 14 a factor of 21462?
True
Is 22 a factor of 1662?
False
Is 13 a factor of 1508?
True
Is 23315 a multiple of 8?
False
Is 68 a factor of 590?
False
Is 4788 a multiple of 28?
True
Does 15 divide 11493?
False
Is 515 a factor of 35535?
True
Is 62 a multiple of 2?
True
Is 41 a factor of 7858?
False
Is 35 a factor of 1680?
True
Is 5599 a multiple of 82?
False
Is 69 a multiple of 3?
True
Is 14509 a multiple of 61?
False
Does 25 divide 1224?
False
Does 50 divide 1463?
False
Does 35 divide 2450?
True
Is 10360 a multiple of 20?
True
Is 27 a factor of 5859?
True
Is 49 a factor of 882?
True
Does 44 divide 2244?
True
Does 32 divide 2400?
True
Is 6 a factor of 5195?
False
Does 14 divide 4956?
True
Is 9 a factor of 495?
True
Is 184 a factor of 15272?
True
Is 2148 a multiple of 12?
True
Is 3 a factor of 237?
True
Is 29 a factor of 13485?
True
Does 46 divide 104942?
False
Is 2145 a multiple of 15?
True
Is 360 a factor of 72720?
True
Is 42826 a multiple of 49?
True
Is 69 a factor of 4341?
False
Is 7 a factor of 4753?
True
Does 35 divide 2975?
True
Is 82589 a multiple of 7?
False
Is 26057 a multiple of 71?
True
Is 74 a factor of 34706?
True
Is 219 a factor of 219?
True
Is 18 a factor of 90?
True
Does 39 divide 7995?
True
Is 3666 a multip